42 = 10*k. Suppose 3*a + 3*q - 3 = 9, k*a = -2*q + 16. What is d(a)?
27
Let w(n) = -n**2 + 3*n + 4. Let s(g) = -g + 3. Let x be s(-5). Suppose -3*d - 15 = 0, -3*d + x*d + 37 = 2*z. Let f be 9/(-3) + z/1. Calculate w(f).
4
Let i(y) = y**2 + 1. Let u be i(-2). Let l(d) = 3*d**2 - d - 2. Let b(t) = 13*t**2 - 3*t - 9. Let r(x) = -2*b(x) + 9*l(x). Calculate r(u).
10
Let o(y) = y**2 - 13*y - 50. Let k(i) = i**2 + 25*i - 290. Let v be k(9). Determine o(v).
-2
Let t(o) = 8*o**2 - o. Let a(x) = x**3 - 3*x**2 - 14*x + 11. Let l be a(5). Let r = 9 + l. Suppose r = 2*u + 11*u - 13. Give t(u).
7
Suppose 19 + 813 = 8*p. Let y = p - 97. Let o(x) = x**2 - 8*x + 7. Give o(y).
0
Let z(o) = -o**2 - 2*o - 3. Suppose 20*n = 3*n + 34. Suppose n*h - 9 = -1, -a - h = -9. Calculate z(a).
-38
Let d(c) be the first derivative of -3/2*c**2 + 4*c - 4/3*c**3 + 63. What is d(-3)?
-23
Let c(f) = f**2 - 13*f - 17*f - 16*f + 430 - 421 + 38*f. Let i = 8 - 1. What is c(i)?
2
Let i be 2 + 7 + -6 - -203. Let k(h) = -206 + i + 9*h - 13*h. What is k(1)?
-4
Let t = -113 + 121. Suppose f = 2*r - 7*r + 10, -4*r + 3*f + t = 0. Let a(h) = -3*h**2 - 1. What is a(r)?
-13
Let x(a) = 15*a - 4. Let y(s) = -2*s + 59. Let z be y(30). Calculate x(z).
-19
Let r(p) be the second derivative of 53*p - 1/6*p**3 - 1/2*p**2 + 0. Give r(-4).
3
Let l(v) = v**3 - 6*v**2 + 3*v - 9. Let h(q) = q**3 - 18*q**2 - 4*q - 61. Let f be h(19). Let r = f - 218. Give l(r).
9
Let c(q) be the first derivative of 37 + q + 3*q**2 - 1/3*q**3. Determine c(7).
-6
Let y(m) be the third derivative of m**5/60 + m**4/24 + 7*m**3/2 + 269609*m**2. Let h(b) = -b - 4. Let g be h(-4). Calculate y(g).
21
Let z(l) = 14*l + 5. Let h(a) = 48*a + 18. Let y(s) = -2*h(s) + 7*z(s). Calculate y(9).
17
Let s(i) = 18*i + 66. Let x = 4241 + -4244. Calculate s(x).
12
Suppose 5*c + 8*m - 6*m = 2, m = -4. Let i(p) = -p - 2. What is i(c)?
-4
Let w(a) = 9*a**2 - a - 3. Suppose 85*i + 14 = 92*i. Calculate w(i).
31
Let o(c) = -2*c**2 - 10*c - 6. Let l be o(-4). Let t(q) be the second derivative of -1/3*q**3 + 1/6*q**4 + 0 - 1/20*q**5 + 1/2*q**2 - 32*q. What is t(l)?
-3
Suppose 0 = 113*c - 120*c + 35. Suppose 6 = 3*z, 0 = -2*n + c*n + 5*z - 7. Let x(a) = 7*a**2 + 2*a + 1. Give x(n).
6
Let i(b) = b**3 + b**2 + 26*b - 217. Let a(y) = -6*y**3 - 2*y**2 - 157*y + 1302. Let m(u) = -4*a(u) - 23*i(u). What is m(14)?
7
Let p(x) = -x**2 + 8*x - 9. Let y = 9 - 39. Let m be -1*y/70 - (-46)/7. Give p(m).
-2
Suppose -2*d = -4*b - 434, 5*d + 198 - 62 = -b. Let g = 114 + b. Let m(p) = -3 - p - 2*p + 5*p. Determine m(g).
3
Let q(k) be the third derivative of k**6/120 - k**5/10 - 5*k**4/24 - 17*k**3/6 - 7565*k**2. What is q(7)?
-3
Let w(a) = -a**3 - 5*a**2 + 7*a - 1. Let l be w(-6). Let d = 116 - 121. Let n(u) = -8*u - 18. Let s(f) = 3*f + 8. Let y(p) = d*s(p) - 2*n(p). Determine y(l).
-11
Let g(h) = -3*h + 4*h - 3 + 42 + 12*h - 42. Give g(-2).
-29
Let k = -10705 + 10709. Let n(d) be the second derivative of -2/3*d**3 + 0 - 4*d**2 + 3*d - 5/12*d**k + 1/20*d**5. Determine n(6).
4
Let g(v) = -v**2 + 38*v - 17. Let t(a) = -a**2 + 31*a - 18. Let x(d) = -2*g(d) + 3*t(d). Calculate x(13).
32
Let n(j) be the second derivative of -j**4/12 + j**3 - 11*j**2/2 - j. Suppose -6*x - 60 = c - 10*x, -4*c + 17*x = 16*x. Determine n(c).
-3
Let s = 7 - 7. Suppose -2*z + z = s. Let l(c) be the first derivative of c**3/3 - c**2/2 + 18*c - 132. Calculate l(z).
18
Let j(k) = -2*k + 4. Let a(g) = -g + 4. Let h(t) = -5*a(t) + 4*j(t). Let p(y) = 11*y**2 - 2*y - 11. Let n be p(-3). Suppose -n*b + 91*b = 12. What is h(b)?
8
Suppose 9*z + 95 = 2*o, 5*o = 2*z + 35 + 18. Let m(v) = v**3 + 8*v**2 - 9*v + 4. Determine m(z).
4
Let x(a) = 13 + 12 - 22 + 16*a**2 - 4*a - 10*a**2 - 7*a**2. Give x(-3).
6
Let i be -91 - (-19 - -5)/(-7). Let l = 83 + i. Let v(q) = q**2 + 11*q - 11. Give v(l).
-21
Let k(c) = -2*c - 9. Let w be k(-6). Let g be ((-2)/15)/(11/(-110))*w. Let q(z) = -5*z**2. Let x(d) = -13*d**2 - d + 1. Let n(t) = 8*q(t) - 3*x(t). Give n(g).
-7
Let v(s) = -289*s**2 - 5*s + 30 + 568*s**2 - 278*s**2. Give v(4).
26
Let j(a) = 61*a**3 - 59*a**2 + 162*a + 14. Let i(d) = -27*d**3 + 30*d**2 - 72*d - 7. Let n(q) = -9*i(q) - 4*j(q). Calculate n(-34).
7
Let a(l) = -l - 10. Let v be a(-9). Let g(y) be the second derivative of 1/6*y**3 - 1/12*y**4 + 0 + 1/2*y**2 - 11/20*y**5 - 6*y. Give g(v).
10
Let v(w) be the third derivative of w**5/10 + w**4/24 + w**3/3 + 60*w**2 + 16*w. What is v(2)?
28
Let k(l) = -3*l - 14. Let y be (4 + 0 + -2)*-3. Let b be k(y). Suppose 3*u + z - 8 = 0, u - 4*u + b*z - 2 = 0. Let i(f) = -f**2 + 4*f - 1. Give i(u).
3
Let z(l) be the first derivative of l**4/4 - 17*l**3/3 + 11*l + 5. Let c be z(17). Let k(a) = 5*a + c - 8 + 1 + a**2. Determine k(-3).
-2
Suppose -2*o + k = -19, 69 - 49 = 4*k. Let j(y) = -14*y + 24. Give j(o).
-144
Let h = -11 - -11. Let j(g) = -6*g + 0*g**2 - 6 + h*g**2 + 0*g**2 - g**2. Let l = -601 + 597. Determine j(l).
2
Let j(c) be the second derivative of 1/12*c**4 - 2*c**2 + 0 + 18*c - 1/2*c**3. Give j(5).
6
Let u(r) = r**3 + 7*r**2 + r + 5. Let b be (-43 + 28)*(-2)/(-5). Let f = -1 - 0. Let y = b + f. Calculate u(y).
-2
Let r(x) = -x**2 + 5*x + 1. Let j be 8/10 - 1428/35. Let a = -9 + -27. Let p = a - j. Calculate r(p).
5
Suppose -5*f + 17 = -4*h, f - 4*f + 7 = -4*h. Suppose v = -5*y, -h*v + y = -v. Let c(b) = b**3 - b**2 + 3. What is c(v)?
3
Suppose -5*p + 3*v - 74 = 0, 2*v + 2 + 34 = -2*p. Let z(u) = u**2 + 14*u - 22. Determine z(p).
10
Let n(t) = t**3 + 4*t**2 - 4*t + 3. Let d = -353 - -346. Let l(m) = -m**3 - 8*m**2 + 9*m + 107. Let r be l(d). What is n(r)?
-2
Let z(r) = 4*r + 0*r - 5*r - 15*r**3. Let j = 51447 + -51446. Give z(j).
-16
Let w(d) = -7 + 358*d + 365*d - 719*d. What is w(-4)?
-23
Let a(z) = -2*z - 2. Let w = 182 - 176. What is a(w)?
-14
Let i = 319/258 + -46/43. Let r(y) be the third derivative of 0*y**4 - 12*y**2 + i*y**3 + 0 - 7/120*y**6 + 0*y - 1/30*y**5. Give r(-1).
6
Let a be (14/2 - -1)*16. Let q = -2515 + 2643. Let d = a - q. Let p(v) = -v**2 + 2. Determine p(d).
2
Let t = -13 + 8. Let z be -6 + (-4)/(-4) - -43. Let r(b) = b + 22 + 17 - z. Give r(t).
-4
Let b be (-15)/3 - (-14 + 4). Suppose 3*n + b*l = 35, 2*l + 6 = 2*n + l. Let j(a) = a**2 - 7*a + 2. Give j(n).
-8
Let k(w) be the third derivative of -w**5/60 + w**4/6 + 7*w**3/3 + 2*w**2 + 517. Calculate k(0).
14
Let q(n) = -2*n**3 - 3*n**2 + 9*n - 13. Let m(p) = p**3 + p**2 - 4*p + 7. Let z(r) = 5*m(r) + 3*q(r). Suppose -24 = -27*u + 31*u. Calculate z(u).
26
Let r = 6867 + -6871. Let b(o) = -13*o - 62. Calculate b(r).
-10
Let q(j) = 17*j + 118. Let y(f) = -197*f + 2552. Let c be y(13). Determine q(c).
-35
Let l = -551 - -549. Let x be (l - -1 - 0) + 2 + 3. Let w(m) = -5*m + 4*m - 5 + 4. Calculate w(x).
-5
Let z(k) = -3*k + 38. Suppose 17*v - 5397 + 5589 = 65*v. What is z(v)?
26
Let d(w) = w**2 + 3*w - 5. Suppose -3*z - 10 = -5*h, -5*z = 3 - 28. Suppose u + 352 = 5*o, 0 = 4*u - 17 + h. Let c = 66 - o. Determine d(c).
5
Let n(h) = -h**3 + 18*h**2 - 16*h - 1. Suppose -26 = -2*j + 4*c, -23*j = -27*j - 3*c + 74. Calculate n(j).
16
Suppose -12 = 4*g - 0. Suppose -3*v + 12*h - 6 = 9*h, -6 = -v - h. Let b(z) = 9*z**2 - 2*z**v - z - z**2 + 4 - 9*z**2. Determine b(g).
-20
Let z(w) be the third derivative of -w**6/120 + w**5/6 + w**4/2 - 5*w**3/3 - 447*w**2. What is z(11)?
1
Let f(i) = -i**3 + 7*i**2 - 21*i + 53. Let w be f(4). Let j(u) = -u**3 + 18*u**2 - 17*u + 15. Calculate j(w).
15
Let q(t) be the third derivative of -t**5/30 + t**4/3 + t**3/6 - 903*t**2. What is q(7)?
-41
Let n(v) = -v - 1. Let r(z) = z**2 - 12*z - 1. Let h(q) = 5*n(q) - r(q). Suppose -5*s = -4*j - 47, -4*s + 16 = 6*j - 2*j. Suppose -s = -a - 1. Calculate h(a).
2
Suppose -27*h - 2534 = -39659. Let m be (-2)/((-8)/(-3)) - h/(-100). Let b(g) = -3*g + 14. Give b(m).
-25
Suppose 115 + 125 = 15*w. Let j(a) = w - 14 - 441*a + 440*a. Calculate j(1).
1
Let t(s) = -s**3 - 28*s**2 - 51*s + 24. Let x be t(-26). Let w(h) be the second derivative of -3*h**5/20 - h**4/12 + h**3/3 - h**2/2 - 7*h. Calculate w(x).
15
Suppose m + 9 = 5. Let t(l) = 9*l**3 + 5*l**2 + 5*l + 1. Let p(y) = y**3 - 1. Let r(w) = -8*p(w) + t(w). Calculate r(m).
5
Let b be (889/381)/((-3)/(-9)). Let o(i) = i**3 - 6*i**2 + 3*i - 48. What is o(b)?
22
Suppose -21*c = -16*